 highest common factor of 96 and z.
48
Suppose 0 = 3*r + 30 - 9. Let k = r - -11. What is the highest common factor of k and 4?
4
Suppose 4*x + 261 = 5*t, -5*x - 3 = -8*x. What is the highest common factor of 371 and t?
53
Suppose 5*u - 35 = 10. Suppose -5 + u = 2*w. Calculate the greatest common factor of 3 and w.
1
Suppose 205 - 103 = 2*p. Calculate the greatest common divisor of 34 and p.
17
Let b(w) = -w - 1. Let v be b(-5). Suppose 0 = 3*k - h - 263, 0 = k - v*h + h - 85. Let t = -9 + 20. Calculate the highest common divisor of k and t.
11
Suppose 5*v - 21 = 59. Let x be 2*2/8*12. Let u be x/(-27) + (-290)/(-9). Calculate the highest common divisor of u and v.
16
Let l = 219 + -194. Calculate the greatest common factor of 50 and l.
25
Let n be ((-2 + -1 - -60)/3)/1. What is the greatest common factor of 817 and n?
19
Let k = -75 - -80. Suppose 0*n - k*h = 4*n - 81, -2*n + 5*h = -3. What is the highest common factor of n and 21?
7
Let r be 270/(-21)*238/(-34). Calculate the greatest common factor of r and 210.
30
Suppose -34 = 4*n + 2*d, -n = 5*d + 17 - 4. Let c = n + 36. What is the greatest common divisor of c and 7?
7
Let s = -284 + 286. What is the greatest common divisor of 15 and s?
1
Let i be ((-6)/(-3))/(-10) + 51/5. Suppose -8*l = -i*l + 8. What is the greatest common divisor of 44 and l?
4
Let j = -256 - -117. Let o(g) = g**2 - 11*g - 1. Let n be o(-10). Let b = n + j. What is the highest common divisor of 28 and b?
14
Suppose j + 21 = 26. Suppose -j*k = 25, -41 = 2*g - 6*g + 5*k. What is the greatest common factor of g and 32?
4
Suppose 0*t + 2*t = 28. Suppose -c = -3*x - x + 22, -3*c = 2*x - 4. Suppose x*k + 275 = 4*d, d + 4*k - 144 = -d. Calculate the highest common factor of d and t.
14
Let m = 2 + 3. Suppose 19 = -m*h + 4*h - 4*o, 0 = 5*h - o + 11. Let k be (h - -6 - 5)/(-1). What is the greatest common divisor of 6 and k?
2
Suppose -8*a + 60 = 2*a. Let c be 1*(2 + -6) + 2*10. Calculate the greatest common divisor of c and a.
2
Suppose 3 = 5*t - 112. Let q = 26 - 3. Calculate the highest common factor of q and t.
23
Let q be 1680/(-252)*507/(-4). What is the greatest common divisor of q and 325?
65
Let o be (18/4)/((-9)/(-12)). Let q(y) = -y**3 - 7*y**2 - 8*y - 12. Let u be q(-6). Suppose -8*m = -u*m - 32. Calculate the greatest common factor of m and o.
2
Let j(g) = -g**2 - 11*g + 10. Let r be j(-10). Let w(k) = k**2 + 2*k - 2. Let u be w(2). Let f be 218 + 1 + u/6. What is the highest common divisor of f and r?
20
Let l(z) = z**3 + z + 143. Let i be l(0). Let x be ((-4)/3 + 0)*-3. Suppose x*g - 4*u = 7 + 29, 2*g + 4*u = 42. What is the greatest common factor of i and g?
13
Let a = -175 + 255. What is the highest common divisor of 590 and a?
10
Let c(g) = g**2 - 4*g - 29. Let k be c(-42). What is the highest common divisor of k and 11?
11
Let i(q) = q**3 - 22*q**2 + 57*q + 3. Let x be i(19). What is the highest common factor of x and 4?
1
Let o(r) = 16*r + 69. Let d(t) = -5*t - 23. Let n(l) = 7*d(l) + 2*o(l). Let f be n(-11). Calculate the highest common divisor of 10 and f.
10
Let r(c) = c + 4. Let x be r(-7). Let i be x + (-20)/(-8)*2. Suppose -i*w - o = 3*o - 36, 2*w - 57 = 3*o. Calculate the greatest common factor of 12 and w.
12
Let v(w) = 28*w + 14. Let q be v(1). Calculate the highest common factor of 602 and q.
14
Let z(b) = 18*b + 264. Let n be z(60). What is the greatest common factor of n and 21?
21
Suppose -2*z + 3*z = -6. Let o = z + 5. Let v be -3 + (33 - (o - 1)). What is the greatest common factor of 16 and v?
16
Suppose -7*p = -4*p - 189. Let h = 108 - p. Suppose x = 2*x - 4*g - 29, 0 = -2*x - 5*g + h. Calculate the greatest common factor of 25 and x.
25
Let a = -1210 + 1260. Calculate the highest common divisor of a and 810.
10
Let j = 16 + 38. Let x = -10 + -18. Let i be (-27)/4*x/7. Calculate the greatest common factor of i and j.
27
Let u(s) = 2*s**3 - 9*s**2 + 6*s + 9. Let i be u(5). Suppose 4*r - 2*n - i = 0, 5*r - 102 = -n - 8. Calculate the greatest common factor of r and 54.
18
Suppose 0 = -3*i + 4*a + 45, -5 - 81 = -5*i + 3*a. Suppose -i = -v - 5. What is the greatest common divisor of v and 14?
14
Let s = 351 + -81. Suppose -2*x + 292 = 3*z, -3*x + 3*z = -153 - s. Let w be 4/10 + x/5. What is the highest common factor of w and 87?
29
Let t(o) = 6*o + 2. Let m be t(3). Let b = 40 - m. Let y(n) = -148*n + 5616. Let f be y(37). Calculate the greatest common divisor of f and b.
20
Let t(y) = 22*y**2 - 10*y - 14. Let l be t(-2). Calculate the highest common divisor of 893 and l.
47
Let r be -22*(-5)/(-20) - 3/6. Let v = r - -88. Calculate the greatest common divisor of v and 123.
41
Let k = 316 + -289. What is the greatest common divisor of k and 36?
9
Let v be (-1170)/(-27) - (-1)/(-3). Let l = -608 - -651. What is the highest common divisor of v and l?
43
Suppose -1670 + 110 = -24*m. What is the highest common factor of 52 and m?
13
Let u(q) = -q**3 + 3*q**2 + q. Let c be u(2). Calculate the highest common factor of c and 10.
2
Let p = -1934 - -2432. Calculate the highest common factor of p and 24.
6
Suppose 27*k + 4889 - 16499 = 0. What is the highest common factor of 10 and k?
10
Suppose -566 = -2*s + 2*y, y = 9 - 4. What is the greatest common factor of s and 54?
18
Let f be 51 - 3/((-5)/(-5)). What is the greatest common divisor of f and 80?
16
Let d(q) = -q**2 - 20*q + 21. Let l be d(-15). Let a = l - 70. Calculate the greatest common factor of a and 39.
13
Let l(c) = 2*c**3 - 5*c**2 - 3*c + 6. Let j be l(3). Calculate the highest common divisor of 162 and j.
6
Let q(m) = -37*m - 131. Let b be q(-4). Calculate the greatest common factor of b and 119.
17
Let m be (-4 + 3)*(-1 - 299). Let h = -108 + m. Calculate the greatest common factor of 24 and h.
24
Suppose 3*c - 49 = h + 9, 88 = 3*c + 5*h. Calculate the highest common factor of 945 and c.
21
Let c be 250/(-100)*(-22)/5. What is the highest common factor of 187 and c?
11
Let o be 10/(-15)*201/(-2). Suppose -5*k = 3*g - o, 2*k = -3*g - k + 69. What is the highest common divisor of 108 and g?
12
Suppose u = -u + 30. Let q be 3 + (-1 - -2) - (12 - u). Calculate the greatest common factor of q and 77.
7
Let d(i) = -37*i - 90. Let l be d(-3). Let a(z) = -188*z**3 - z. Let k be a(-1). What is the highest common factor of l and k?
21
Let l be -10*(-5)/(-40)*-4 - 1. Calculate the greatest common divisor of l and 2.
2
Suppose -16*c + 32 = -48. What is the highest common factor of 395 and c?
5
Let v = -17 - -30. Let m = 27 - v. Suppose -b = 4*s - m, -2 = 2*b - 3*b + 2*s. What is the highest common divisor of b and 15?
3
Let f = -29 + 37. What is the highest common divisor of 24 and f?
8
Let p(b) = 27*b**2 + 16*b - 15. Let f be p(4). What is the greatest common factor of 26 and f?
13
Let m(y) = -y**3 - 10*y**2 - 9*y - 8. Let c be m(-12). Suppose -i = 2*i - 4*z - 256, -5*i - 3*z + c = 0. What is the greatest common factor of i and 10?
10
Let d(m) = 5*m**2 - m. Let f be d(1). Suppose f*v + 2*n = 436, -5*v + 554 = -5*n + 3*n. Calculate the greatest common divisor of v and 44.
22
Suppose 4*t = 2*m + 42, t = -5*m + 8 + 8. Suppose t*w = 14*w - 48. Calculate the greatest common factor of 128 and w.
16
Let r be (60 - 0)/(57/152). Suppose 4*p - r = 96. Calculate the highest common factor of p and 16.
16
Suppose 0 = -4*x + 108 + 48. Let d = 3 + x. Let i = d - 25. Calculate the greatest common factor of 136 and i.
17
Let m(s) be the second derivative of 5*s**4/12 - 5*s**3/3 - 6*s**2 + 68*s. Let u be m(-4). Let o = 24 - 12. Calculate the greatest common factor of u and o.
12
Let d(j) = -j - 6. Let y be d(-10). Suppose 0 = 2*x + c - 5, -4*x + 5 = 5*c - 2. Let m = 23 - x. Calculate the highest common divisor of y and m.
4
Let r = -49 + 21. Let x = r - -30. Suppose 0 = -3*o - x*b + 133, -2*o - 3*b + 132 = o. What is the highest common divisor of 9 and o?
9
Suppose u + 3*u - 560 = 0. Let o(r) = 14*r**2 + 17*r + 17. Let b be o(-1). Calculate the highest common factor of b and u.
14
Let d(y) = 15*y**2 + 1 - 4*y**2 + 8*y**2. Let q be d(2). What is the highest common divisor of 11 and q?
11
Let a be ((-1)/(-3))/((-2)/(-66)*1). Let n(t) = -2*t**3 + 18*t**2 + 5*t + 10. Let m be n(9). Calculate the highest common factor of m and a.
11
Suppose -2*c = 14*c - 8432. What is